 7, 173
List the prime factors of 7382.
2, 3691
List the prime factors of 35144.
2, 23, 191
What are the prime factors of 751?
751
List the prime factors of 15759.
3, 17, 103
What are the prime factors of 58821?
3, 7, 2801
What are the prime factors of 2049?
3, 683
List the prime factors of 31412.
2, 7853
List the prime factors of 296.
2, 37
What are the prime factors of 34246?
2, 17123
What are the prime factors of 24584?
2, 7, 439
List the prime factors of 1844.
2, 461
List the prime factors of 3997.
7, 571
List the prime factors of 500.
2, 5
What are the prime factors of 1459?
1459
List the prime factors of 680.
2, 5, 17
What are the prime factors of 80511?
3, 47, 571
What are the prime factors of 1415?
5, 283
What are the prime factors of 23101?
13, 1777
What are the prime factors of 18606?
2, 3, 7, 443
What are the prime factors of 896?
2, 7
What are the prime factors of 47449?
23, 2063
What are the prime factors of 131629?
23, 59, 97
List the prime factors of 1173.
3, 17, 23
What are the prime factors of 18328?
2, 29, 79
What are the prime factors of 2313?
3, 257
What are the prime factors of 640?
2, 5
What are the prime factors of 4117?
23, 179
List the prime factors of 1650.
2, 3, 5, 11
What are the prime factors of 4168?
2, 521
List the prime factors of 3472.
2, 7, 31
What are the prime factors of 71930?
2, 5, 7193
What are the prime factors of 4852?
2, 1213
List the prime factors of 15631.
7, 11, 29
What are the prime factors of 540?
2, 3, 5
What are the prime factors of 2150?
2, 5, 43
What are the prime factors of 1051?
1051
What are the prime factors of 1348?
2, 337
List the prime factors of 391.
17, 23
List the prime factors of 14409.
3, 1601
List the prime factors of 46851.
3, 7, 23, 97
What are the prime factors of 9464?
2, 7, 13
List the prime factors of 62590.
2, 5, 11, 569
List the prime factors of 63700.
2, 5, 7, 13
What are the prime factors of 21998?
2, 17, 647
What are the prime factors of 187?
11, 17
List the prime factors of 57630.
2, 3, 5, 17, 113
What are the prime factors of 1773?
3, 197
List the prime factors of 29661.
3, 9887
List the prime factors of 52125.
3, 5, 139
What are the prime factors of 676?
2, 13
List the prime factors of 4438.
2, 7, 317
List the prime factors of 1051.
1051
What are the prime factors of 34106?
2, 17053
List the prime factors of 1286.
2, 643
What are the prime factors of 4682?
2, 2341
What are the prime factors of 6501?
3, 11, 197
What are the prime factors of 2392?
2, 13, 23
List the prime factors of 885.
3, 5, 59
What are the prime factors of 70660?
2, 5, 3533
List the prime factors of 4965.
3, 5, 331
List the prime factors of 1724.
2, 431
List the prime factors of 2032.
2, 127
What are the prime factors of 2879?
2879
List the prime factors of 17781.
3, 5927
List the prime factors of 6881.
7, 983
What are the prime factors of 1146?
2, 3, 191
What are the prime factors of 92391?
3, 13, 23, 103
What are the prime factors of 2770?
2, 5, 277
What are the prime factors of 20140?
2, 5, 19, 53
List the prime factors of 1064.
2, 7, 19
List the prime factors of 23362.
2, 11681
List the prime factors of 880.
2, 5, 11
List the prime factors of 2570.
2, 5, 257
List the prime factors of 17170.
2, 5, 17, 101
List the prime factors of 15780.
2, 3, 5, 263
What are the prime factors of 2554?
2, 1277
List the prime factors of 1498.
2, 7, 107
What are the prime factors of 434?
2, 7, 31
What are the prime factors of 45554?
2, 22777
What are the prime factors of 26594?
2, 13297
List the prime factors of 27846.
2, 3, 7, 13, 17
What are the prime factors of 4207?
7, 601
What are the prime factors of 8280?
2, 3, 5, 23
List the prime factors of 9960.
2, 3, 5, 83
What are the prime factors of 29612?
2, 11, 673
List the prime factors of 22284.
2, 3, 619
List the prime factors of 51634.
2, 11, 2347
List the prime factors of 1409.
1409
List the prime factors of 1191.
3, 397
List the prime factors of 138917.
138917
What are the prime factors of 109739?
7, 61, 257
What are the prime factors of 4028?
2, 19, 53
List the prime factors of 74981.
97, 773
List the prime factors of 752.
2, 47
What are the prime factors of 38405?
5, 7681
What are the prime factors of 6658?
2, 3329
List the prime factors of 15390.
2, 3, 5, 19
What are the prime factors of 8424?
2, 3, 13
What are the prime factors of 89043?
3, 67, 443
What are the prime factors of 1158?
2, 3, 193
List the prime factors of 553.
7, 79
What are the prime factors of 3098?
2, 1549
List the prime factors of 2611.
7, 373
What are the prime factors of 23361?
3, 13, 599
List the prime factors of 1955.
5, 17, 23
What are the prime factors of 6523?
11, 593
What are the prime factors of 636?
2, 3, 53
What are the prime factors of 10453?
10453
What are the prime factors of 7474?
2, 37, 101
List the prime factors of 8457.
3, 2819
List the prime factors of 39073.
41, 953
List the prime factors of 20678.
2, 7, 211
List the prime factors of 1137.
3, 379
List the prime factors of 4343.
43, 101
List the prime factors of 84890.
2, 5, 13, 653
List the prime factors of 1935.
3, 5, 43
What are the prime factors of 89287?
11, 8117
What are the prime factors of 6443?
17, 379
What are the prime factors of 84452?
2, 43, 491
What are the prime factors of 575?
5, 23
What are the prime factors of 37807?
7, 11, 491
List the prime factors of 1176.
2, 3, 7
List the prime factors of 7390.
2, 5, 739
What are the prime factors of 1362?
2, 3, 227
List the prime factors of 1696.
2, 53
What are the prime factors of 8531?
19, 449
What are the prime factors of 9909?
3, 367
List the prime factors of 9864.
2, 3, 137
List the prime factors of 1156.
2, 17
List the prime factors of 1691.
19, 89
List the prime factors of 54032.
2, 11, 307
List the prime factors of 1738.
2, 11, 79
List the prime factors of 68459.
17, 4027
List the prime factors of 1084.
2, 271
List the prime factors of 79872.
2, 3, 13
List the prime factors of 72.
2, 3
What are the prime factors of 35850?
2, 3, 5, 239
List the prime factors of 57483.
3, 2129
What are the prime factors of 1983?
3, 661
What are the prime factors of 3591?
3, 7, 19
What are the prime factors of 65543?
65543
What are the prime factors of 13986?
2, 3, 7, 37
What are the prime factors of 342?
2, 3, 19
List the prime factors of 318.
2, 3, 53
List the prime factors of 560.
2, 5, 7
List the prime factors of 64254.
2, 3, 10709
List the prime factors of 20531.
7, 419
What are the prime factors of 41779?
41, 1019
What are the prime factors of 1650?
2, 3, 5, 11
List the prime factors of 1235.
5, 13, 19
List the prime factors of 1690.
2, 5, 13
What are the prime factors of 994?
2, 7, 71
List the prime factors of 3530.
2, 5, 353
List the prime factors of 5896.
2, 11, 67
List the prime factors of 412.
2, 103
List the prime factors of 2058.
2, 3, 7
What are the prime factors of 1150?
2, 5, 23
What are the prime factors of 4453?
61, 73
List the prime factors of 15803.
15803
List the prime factors of 115422.
2, 3, 19237
What are the prime factors of 61028?
2, 11, 19, 73
What are the prime factors of 7562?
2, 19, 199
List the prime factors of 223.
223
List the prime factors of 76127.
269, 283
List the prime factors of 27285.
3, 5, 17, 107
What are the prime factors of 3946?
2, 1973
What are the prime factors of 3037?
3037
What are the prime factors of 4906?
2, 11, 223
What are the prime factors of 69359?
43, 1613
What are the prime factors of 2072?
2, 7, 37
List the prime factors of 9497.
9497
What are the prime factors of 6774?
2, 3, 1129
What are the prime factors of 2194?
2, 1097
What are the prime factors of 15094?
2, 7547
What are the prime factors of 32547?
3, 19, 571
What are the prime factors of 58098?
2, 3, 23, 421
What are the prime factors of 966?
2, 3, 7, 23
List the prime factors of 6675.
3, 5, 89
What are the prime factors of 3438?
2, 3, 191
What are the prime factors of 1110?
2, 3, 5, 37
What are the prime factors of 10747?
11, 977
What are the prime factors of 1505?
5, 7, 43
List the prime factors of 66820.
2, 5, 13, 257
List the prime factors of 86428.
2, 17, 31, 41
What are the prime factors of 125?
5
List the prime factors of 849.
3, 283
What are the prime factors of 5171?
5171
What are the prime factors of 5567?
19, 293
List the prime factors of 50566.